ose 3*q = l - 42, q + 58 = l + d. What are the prime factors of l?
2, 3
Suppose 5*j - 52 = j. Suppose 0 = z - j - 0. List the prime factors of z.
13
Let c(i) be the third derivative of i**6/360 + i**5/30 - i**4/8 - i**3/6 - i**2. Let a(f) be the first derivative of c(f). What are the prime factors of a(-5)?
2
Let o(k) = -k - 8. Let i be o(-10). Suppose i*q - q = 4. List the prime factors of q.
2
Suppose 6*w - 509 = -11. List the prime factors of w.
83
Suppose 0 = -9*t + 1331 + 568. What are the prime factors of t?
211
Suppose 0*w = w - 5*n - 44, 4*w - 86 = 2*n. What are the prime factors of w?
19
Suppose -g - 128 = -4*v + 4*g, 4*v - 2*g - 140 = 0. List the prime factors of v.
37
Let w = 8 - 6. Let c(x) = 7*x - 1. Let u be c(w). List the prime factors of 1/(-2) - u/(-2).
2, 3
Let w = 14 + -14. Suppose 0 = -3*h - 0 - 3, w = v + h - 19. List the prime factors of v.
2, 5
Let v(b) = -b + 51. Let w be v(0). Let a be w/15 - (-6)/(-15). Suppose a*q - 24 = -q. List the prime factors of q.
2, 3
Let m(g) = 10*g**2 + 0 + 1 - 5*g**2. Suppose 0 = 46*u - 43*u + 3. List the prime factors of m(u).
2, 3
Let x be ((-3)/(-2))/((-1)/(-4)). Suppose -4*o - x = -2*l - 2*o, -5*o + 48 = 4*l. List the prime factors of l.
7
Let v(i) = 0 + 15*i - 2 - 31*i. What are the prime factors of v(-2)?
2, 3, 5
Let i(s) = 19*s**3 + s**2. Let g be i(1). Let u = g + -9. List the prime factors of u.
11
Suppose -3*n + 23 = -229. What are the prime factors of n/7 - (-1 + -1)?
2, 7
Let s(b) = b**2 + 4*b + 6. Let p be s(-4). Let x(o) = p*o + o - o. List the prime factors of x(2).
2, 3
Let l = 147 - 78. Suppose 5*m = -l + 234. List the prime factors of m.
3, 11
Suppose 5*n + 324 = n. Let z = n - -127. What are the prime factors of z?
2, 23
Let y = -155 - -218. List the prime factors of y.
3, 7
Suppose 0 = -4*p + 3*k + 28, 24 = -5*k + 4. Suppose 3*v - 6*v = 2*h - 42, -p*v + 49 = 5*h. What are the prime factors of v?
2
Suppose -195 = -3*u - 24. List the prime factors of u.
3, 19
Let g = -34 + 36. What are the prime factors of g?
2
Let i(d) = -d**2 + d. Let w be i(1). Suppose 5*j - 5*g + 0*g = -100, -4*g = w. List the prime factors of j/(-3) - 4/6.
2, 3
Let j = -1 - 4. Let x(q) = q**3 + 7*q**2 + 6*q + 9. What are the prime factors of x(j)?
29
Suppose -2*o = -o - m + 38, -o = -3*m + 44. Let r be (-16)/(-7) + 10/o. Suppose r*x - 90 = -3*x. List the prime factors of x.
2, 3
Suppose 4*a - 90 = 3*y + 2*y, -4*a = 3*y - 106. List the prime factors of a.
5
Let l be (-858)/65*30/(-4). Suppose -4*j + 255 = l. List the prime factors of j.
3, 13
Let i(f) = -3*f + 14. List the prime factors of i(-5).
29
Suppose -2*k - 8 = -3*t, 5*t - k - 25 = -0*t. Let a(u) be the first derivative of -u**4/4 + 2*u**3 + u**2 - u - 3. List the prime factors of a(t).
11
Let u(l) = -l**3 - 12*l**2 + 12*l - 10. Let z be u(-13). Suppose z*v - 60 = -2*m, -3*m + 2*m + 100 = 5*v. What are the prime factors of v?
2, 5
Suppose -4*i + 20 - 84 = -3*p, -5*i - 100 = -5*p. List the prime factors of p.
2
Let p = 39 + -39. Let v be 6/21 - (-12)/7. Suppose p = q + v*x - 4, -x = x + 4. List the prime factors of q.
2
Let j be 1/4 + (-2)/8. Suppose 2*p = 4*r + 52, -5*r = -2*r. Suppose j = 4*l + q - 48, -5*q + p + 10 = 3*l. List the prime factors of l.
2, 3
Suppose -4*q + 30 + 34 = 0. Suppose 3*y + 0*y + r - q = 0, r - 21 = -4*y. Suppose -5*u + y*g = 0, -4*u + 2*g = 3*g - 20. What are the prime factors of u?
2
List the prime factors of (-14 - 1)*(-18)/30.
3
Let g(s) = -s**2 + 11*s - 19. What are the prime factors of g(8)?
5
Let n = 98 + -53. Suppose 0 = p + 4*p - n. Let i = p + -3. What are the prime factors of i?
2, 3
Let a(v) = v**2 + 8*v - 3. Let c be a(-9). Let o(t) = 2*t**2 - 6*t - 8. What are the prime factors of o(c)?
2, 7
List the prime factors of 7/4 - (-8 + 93/12).
2
Let b(p) = -p + 5. Let f be b(5). Suppose f = 3*s + s - 24. List the prime factors of s.
2, 3
Let b(c) = c**3 + 11*c**2 + 3*c - 14. Let d be b(-10). Let a be 68/14 + 8/d. Suppose 4*m - a*m = -12. List the prime factors of m.
2, 3
Let v = 0 - -2. Let t(b) = b**3 - b**2 + 1. Let c be t(v). Suppose c*y - 13 = 2. What are the prime factors of y?
3
Let k(t) = 4*t**3 - 3*t**2 + 3*t - 2. List the prime factors of k(2).
2, 3
Let p = -4 + 7. Suppose -8 = p*o + 1. Let h = o - -5. What are the prime factors of h?
2
List the prime factors of 382/18 - 8/(-180)*-5.
3, 7
Let i be (-1 + (-1)/(-3))*-3. Suppose i*b - 22 = -5*s + 4*s, 4*b = s + 56. What are the prime factors of b?
13
Let g = 3 - 1. Suppose -a = -2*a. Let t = g - a. List the prime factors of t.
2
Let a(i) = 7*i**2 + i + 1. Let n be a(2). Suppose 3*c - n = -2*c + 2*o, -5*c + 25 = -5*o. List the prime factors of c.
7
Suppose 0 = 2*l - 8*j + 4*j - 110, 0 = -4*l + 3*j + 210. List the prime factors of l.
3, 17
Let m = 18 - 19. List the prime factors of 29 + m - (-2 - -2).
2, 7
Suppose 2*u - 40 - 27 = n, 4*u = -n + 131. List the prime factors of u.
3, 11
Let b be (-1)/((-2)/106 + 0). Suppose b = 3*a - 49. List the prime factors of a.
2, 17
Suppose -147 + 54 = -3*k. What are the prime factors of k?
31
Suppose -3*p + 59 = 2*x, 2*p - 50 = x + 3*x. Let l = 5 + p. Let f = l + -16. What are the prime factors of f?
2, 5
What are the prime factors of (109/(-2))/((-161)/(-42) - 4)?
3, 109
Let z be 4 + (1 + 0)*-2. Suppose 2*h - 31 + 9 = -5*c, 0 = z*h + 3*c - 22. List the prime factors of h.
11
Let l = -371 + 701. List the prime factors of l.
2, 3, 5, 11
Suppose -3*a - 2*b = -38 - 31, -b - 81 = -4*a. What are the prime factors of a?
3, 7
Suppose 5*w + 4*l + 16 = 0, 5*l = -w + 2*l - 12. Let t = -10 + 13. Suppose t*d = -w + 6. What are the prime factors of d?
2
Let d = -128 - -323. List the prime factors of 3/(-12) + d/12.
2
Let h = -28 - -46. List the prime factors of h.
2, 3
Suppose -23 = 2*u - 3*a, -2*u + 6*u + 3*a + 37 = 0. Let x(g) = -g**2 - 11*g. List the prime factors of x(u).
2, 5
Let g(w) = -2*w**2 - 4*w - 3. Let v(j) = -j**2 - 3*j - 4. Let b(i) = 2*g(i) - 3*v(i). Let s be b(0). Suppose p + 40 = s*p. What are the prime factors of p?
2
Let l(b) = -4*b**2 - 4*b**2 + 4 - 2*b**3 + 2*b**2 + b**3 - 3*b. Suppose 0 - 18 = 3*u. List the prime factors of l(u).
2, 11
Let u = -5 - -8. Suppose -k = -1, 6 - 22 = -u*m - 4*k. Let p = m - 1. What are the prime factors of p?
3
Let p be (1 + 1)*(-27)/(-6). Let x(u) = 2*u - 12. List the prime factors of x(p).
2, 3
Let i = 675 + -426. Suppose l = -3*l - y + 261, -4*l = 5*y - i. Suppose 4*q - 2 - 2 = -t, 3*q + l = 5*t. What are the prime factors of t?
2, 3
Let y be (-1 - 1) + (-12)/(-4). Let i be -2*y*-6 + 0. List the prime factors of (-27)/i*32/(-6).
2, 3
Let c(q) = 3*q**2 - q - 3. List the prime factors of c(-5).
7, 11
Suppose -5*d + 3*d + 4 = 0, 0 = 4*y + 4*d - 36. List the prime factors of y.
7
Suppose -2*g + 5*i = i - 298, -582 = -4*g + i. List the prime factors of g.
5, 29
Suppose -3*q = -2*o - 0*o + 9, 5*o = 4*q + 19. What are the prime factors of 7/(q + 4/2)?
7
Suppose -5*v = -3*v. Suppose v = -f - f + 26. List the prime factors of f.
13
Let z(d) = 14*d. Let i be z(2). Suppose 4*h + 8 = t + 2, -2*t = -h - 5. Suppose 2*a - i = -t*y, 0*y + 58 = 5*a - y. List the prime factors of a.
2, 3
Suppose -2*p + 0 = -6. Suppose 8*n = p*n + 15. List the prime factors of n.
3
Suppose 0 = 3*c + 6*c - 873. List the prime factors of c.
97
Let f = -47 + 72. Suppose 0 = h - 51 - f. Suppose 4*g = 4*l + h, 5*g - 4*g + 5 = -5*l. What are the prime factors of g?
3, 5
Suppose -3*x = x - 12. Suppose 2*r - 275 = -x*r. Suppose 0 = -3*d + 8*d - r. What are the prime factors of d?
11
Let c = -7 + -2. Let h = 10 + c. Let q = 5 + h. What are the prime factors of q?
2, 3
Let t(k) = 7*k**2 + 3*k + 4. Let m be t(-3). Let s = m + -34. What are the prime factors of s?
2, 3
Suppose -r + 1 = 3*d - 2, -2 = -4*d - 2*r. Let q = -2 - -6. What are the prime factors of d/(-4) - (-30)/q?
7
Let r be (-7)/(-5) - 2/5. Suppose 3*i = 8*b - 3*b - 1, -i + r = -b. Let o(n) = 6*n - 2. List the prime factors of o(b).
2, 5
Suppose 5*g - c = 41, -2*g + 3*c + 14 = 2*c. What are the prime factors of g?
3
Let q(c) = 21*c + 3. What are the prime factors of q(4)?
3, 29
Let m = 19 - 11. Let n = m - 3. Suppose -4*u + 73 = n. What are the prime factors of u?
17
Suppose 2 = -u + 7. List the prime factors of u.
5
Let g(b) = b**3 + 14*b**2 + 26*b + 15. List the 